{"id":133763,"date":"2025-05-20T15:33:22","date_gmt":"2025-05-20T13:33:22","guid":{"rendered":"https:\/\/www.gieffepatrimoni.com\/immobile\/vigna-calcina-residenza-la-salette-2\/"},"modified":"2026-04-29T07:06:03","modified_gmt":"2026-04-29T05:06:03","slug":"vigna-calcina-residenza-la-salette-2","status":"publish","type":"immobile","link":"https:\/\/www.gieffepatrimoni.com\/it\/immobile\/vigna-calcina-residenza-la-salette-2\/","title":{"rendered":"Vigna Calcina: Residenza &#8221; La Salette &#8221;"},"content":{"rendered":"<p>Sin dal suo primo documento risalente al 1698, questa propriet\u00e0 ha attraversato i secoli, accogliendo una serie di personaggi illustri che hanno lasciato un\u2019impronta indelebile nella citt\u00e0 di Torino. Nata sul finire del XVII secolo, per ospitare i musici e i cantori del Teatro Regio di Torino, fu chiamata per questo motivo Vigna Calcina e divenne la dimora di diversi personaggi storici, come lo scrittore Arturo Graf, la famiglia Cirio, ed infine i fratelli belgi Waser che diedero sfogo alla loro fantasia ed ingegno all\u2019interno nella tenuta, dopo aver progettato la funicolare di Superga e le prime linee tranviarie di Torino. Dal 1932 fino al 1979 vennero ad abitare i padri Missionari della Salette, che le diedero il nome: Residenza &#8221;La Salette&#8221; La magnifica residenza si estende su un parco di circa sei ettari, dove si possono ammirare viali in pietra che si snodano tra alberi secolari, frutteti, vigneti e boschi: all\u2019interno del vasto terreno si erge l\u2019imponente casa padronale in stile barocchetto piemontese, impreziosita da cornici elaborate e rosoni romantici che riflettono la maestria architettonica del periodo. In adiacenza \u00e8 presente la magnifica cappella, completamente restaurata nel 2000 dal famoso pittore Bruno Molinaro. Nel medesimo parco, sono inserite le dieci villette costruite nel 1960 grazie alle loro peculiarit\u00e0 legano in maniera affascinante con il paesaggio circostante. Uno degli interventi meglio riusciti dell\u2019ingegnere Waser, fu sicuramente quello di realizzare una splendida torre in mattoni nella collina pi\u00f9 alta della propriet\u00e0: la posizione gode di una panoramicit\u00e0 unica sulla citt\u00e0 di Torino e sulla catena montuosa delle Alpi, dal Monviso al Monterosa, con una vista a 360\u00b0 anche sulle colline che fanno corona a Torino, beneficiando del capolavoro di Juvarra, la Basilica di Superga distante appena 1 km in linea d\u2019aria. La residenza Salette rappresenta una combinazione affascinante di storia, bellezza architettonica e paesaggi mozzafiato che la rendono uno degli asset pi\u00f9 suggestivi della regione, offrendo molteplici finalit\u00e0 di utilizzo, che variano dal godimento personale di un ambiente incantevole, all\u2019utilizzo a scopo ricettivo degli immobili, fino alla possibilit\u00e0 di frazionamento per la creazione di diverse unit\u00e0 abitative. Per informazioni: GIEFFE PATRIMONI Real Estate Advisor, Torino \u2013 Londra \u2013 Alba \u2013 Milano \u2013 Roma. (+39) 011 \/ 76.000.11<\/p>\n","protected":false},"excerpt":{"rendered":"<p>Sin dal suo primo documento risalente al 1698, questa propriet\u00e0 ha attraversato i secoli, accogliendo una serie di personaggi illustri che hanno lasciato un\u2019impronta indelebile nella citt\u00e0 di Torino. Nata sul finire del XVII secolo, per ospitare i musici e i cantori del Teatro Regio di Torino, fu chiamata per questo motivo Vigna Calcina e [&hellip;]<\/p>\n","protected":false},"featured_media":0,"parent":0,"template":"","meta":{"_acf_changed":false,"inline_featured_image":false},"categoria_immobile":[85],"tipologia_offerta":[94],"tipologia_immobile":[58],"class_list":["post-133763","immobile","type-immobile","status-publish","hentry","categoria_immobile-residenziali","tipologia_offerta-vendita","tipologia_immobile-villa"],"acf":[],"yoast_head":"<!-- This site is optimized with the Yoast SEO plugin v23.7 - https:\/\/yoast.com\/wordpress\/plugins\/seo\/ -->\n<title>Vigna Calcina: Residenza &#039;&#039; La Salette &#039;&#039; - Gieffe Patrimoni<\/title>\n<meta name=\"robots\" content=\"index, follow, max-snippet:-1, max-image-preview:large, max-video-preview:-1\" \/>\n<link rel=\"canonical\" href=\"https:\/\/www.gieffepatrimoni.com\/it\/immobile\/vigna-calcina-residenza-la-salette-2\/\" \/>\n<meta property=\"og:locale\" content=\"it_IT\" \/>\n<meta property=\"og:type\" content=\"article\" \/>\n<meta property=\"og:title\" content=\"Vigna Calcina: Residenza &#039;&#039; La Salette &#039;&#039; - Gieffe Patrimoni\" \/>\n<meta property=\"og:description\" content=\"Sin dal suo primo documento risalente al 1698, questa propriet\u00e0 ha attraversato i secoli, accogliendo una serie di personaggi illustri che hanno lasciato un\u2019impronta indelebile nella citt\u00e0 di Torino. Nata sul finire del XVII secolo, per ospitare i musici e i cantori del Teatro Regio di Torino, fu chiamata per questo motivo Vigna Calcina e [&hellip;]\" \/>\n<meta property=\"og:url\" content=\"https:\/\/www.gieffepatrimoni.com\/it\/immobile\/vigna-calcina-residenza-la-salette-2\/\" \/>\n<meta property=\"og:site_name\" content=\"Gieffe Patrimoni\" \/>\n<meta property=\"article:modified_time\" content=\"2026-04-29T05:06:03+00:00\" \/>\n<meta name=\"twitter:card\" content=\"summary_large_image\" \/>\n<meta name=\"twitter:label1\" content=\"Tempo di lettura stimato\" \/>\n\t<meta name=\"twitter:data1\" content=\"2 minuti\" \/>\n<script type=\"application\/ld+json\" class=\"yoast-schema-graph\">{\"@context\":\"https:\/\/schema.org\",\"@graph\":[{\"@type\":\"WebPage\",\"@id\":\"https:\/\/www.gieffepatrimoni.com\/it\/immobile\/vigna-calcina-residenza-la-salette-2\/\",\"url\":\"https:\/\/www.gieffepatrimoni.com\/it\/immobile\/vigna-calcina-residenza-la-salette-2\/\",\"name\":\"Vigna Calcina: Residenza '' La Salette '' - Gieffe Patrimoni\",\"isPartOf\":{\"@id\":\"https:\/\/www.gieffepatrimoni.com\/it\/#website\"},\"datePublished\":\"2025-05-20T13:33:22+00:00\",\"dateModified\":\"2026-04-29T05:06:03+00:00\",\"breadcrumb\":{\"@id\":\"https:\/\/www.gieffepatrimoni.com\/it\/immobile\/vigna-calcina-residenza-la-salette-2\/#breadcrumb\"},\"inLanguage\":\"it-IT\",\"potentialAction\":[{\"@type\":\"ReadAction\",\"target\":[\"https:\/\/www.gieffepatrimoni.com\/it\/immobile\/vigna-calcina-residenza-la-salette-2\/\"]}]},{\"@type\":\"BreadcrumbList\",\"@id\":\"https:\/\/www.gieffepatrimoni.com\/it\/immobile\/vigna-calcina-residenza-la-salette-2\/#breadcrumb\",\"itemListElement\":[{\"@type\":\"ListItem\",\"position\":1,\"name\":\"Gieffe Patrimoni\",\"item\":\"https:\/\/www.gieffepatrimoni.com\/it\/\"},{\"@type\":\"ListItem\",\"position\":2,\"name\":\"Immobili\",\"item\":\"https:\/\/www.gieffepatrimoni.com\/it\/immobile\/\"},{\"@type\":\"ListItem\",\"position\":3,\"name\":\"Residenziali\",\"item\":\"https:\/\/www.gieffepatrimoni.com\/it\/immobili\/residenziali\/\"},{\"@type\":\"ListItem\",\"position\":4,\"name\":\"Vigna Calcina: Residenza &#8221; La Salette &#8221;\"}]},{\"@type\":\"WebSite\",\"@id\":\"https:\/\/www.gieffepatrimoni.com\/it\/#website\",\"url\":\"https:\/\/www.gieffepatrimoni.com\/it\/\",\"name\":\"Gieffe Patrimoni\",\"description\":\"\",\"publisher\":{\"@id\":\"https:\/\/www.gieffepatrimoni.com\/it\/#organization\"},\"potentialAction\":[{\"@type\":\"SearchAction\",\"target\":{\"@type\":\"EntryPoint\",\"urlTemplate\":\"https:\/\/www.gieffepatrimoni.com\/it\/?s={search_term_string}\"},\"query-input\":{\"@type\":\"PropertyValueSpecification\",\"valueRequired\":true,\"valueName\":\"search_term_string\"}}],\"inLanguage\":\"it-IT\"},{\"@type\":\"Organization\",\"@id\":\"https:\/\/www.gieffepatrimoni.com\/it\/#organization\",\"name\":\"Gieffe Patrimoni\",\"url\":\"https:\/\/www.gieffepatrimoni.com\/it\/\",\"logo\":{\"@type\":\"ImageObject\",\"inLanguage\":\"it-IT\",\"@id\":\"https:\/\/www.gieffepatrimoni.com\/it\/#\/schema\/logo\/image\/\",\"url\":\"https:\/\/www.gieffepatrimoni.com\/wp-content\/uploads\/2024\/04\/logo-1.svg\",\"contentUrl\":\"https:\/\/www.gieffepatrimoni.com\/wp-content\/uploads\/2024\/04\/logo-1.svg\",\"width\":344,\"height\":78,\"caption\":\"Gieffe Patrimoni\"},\"image\":{\"@id\":\"https:\/\/www.gieffepatrimoni.com\/it\/#\/schema\/logo\/image\/\"}}]}<\/script>\n<!-- \/ Yoast SEO plugin. -->","yoast_head_json":{"title":"Vigna Calcina: Residenza '' La Salette '' - Gieffe Patrimoni","robots":{"index":"index","follow":"follow","max-snippet":"max-snippet:-1","max-image-preview":"max-image-preview:large","max-video-preview":"max-video-preview:-1"},"canonical":"https:\/\/www.gieffepatrimoni.com\/it\/immobile\/vigna-calcina-residenza-la-salette-2\/","og_locale":"it_IT","og_type":"article","og_title":"Vigna Calcina: Residenza '' La Salette '' - Gieffe Patrimoni","og_description":"Sin dal suo primo documento risalente al 1698, questa propriet\u00e0 ha attraversato i secoli, accogliendo una serie di personaggi illustri che hanno lasciato un\u2019impronta indelebile nella citt\u00e0 di Torino. Nata sul finire del XVII secolo, per ospitare i musici e i cantori del Teatro Regio di Torino, fu chiamata per questo motivo Vigna Calcina e [&hellip;]","og_url":"https:\/\/www.gieffepatrimoni.com\/it\/immobile\/vigna-calcina-residenza-la-salette-2\/","og_site_name":"Gieffe Patrimoni","article_modified_time":"2026-04-29T05:06:03+00:00","twitter_card":"summary_large_image","twitter_misc":{"Tempo di lettura stimato":"2 minuti"},"schema":{"@context":"https:\/\/schema.org","@graph":[{"@type":"WebPage","@id":"https:\/\/www.gieffepatrimoni.com\/it\/immobile\/vigna-calcina-residenza-la-salette-2\/","url":"https:\/\/www.gieffepatrimoni.com\/it\/immobile\/vigna-calcina-residenza-la-salette-2\/","name":"Vigna Calcina: Residenza '' La Salette '' - Gieffe Patrimoni","isPartOf":{"@id":"https:\/\/www.gieffepatrimoni.com\/it\/#website"},"datePublished":"2025-05-20T13:33:22+00:00","dateModified":"2026-04-29T05:06:03+00:00","breadcrumb":{"@id":"https:\/\/www.gieffepatrimoni.com\/it\/immobile\/vigna-calcina-residenza-la-salette-2\/#breadcrumb"},"inLanguage":"it-IT","potentialAction":[{"@type":"ReadAction","target":["https:\/\/www.gieffepatrimoni.com\/it\/immobile\/vigna-calcina-residenza-la-salette-2\/"]}]},{"@type":"BreadcrumbList","@id":"https:\/\/www.gieffepatrimoni.com\/it\/immobile\/vigna-calcina-residenza-la-salette-2\/#breadcrumb","itemListElement":[{"@type":"ListItem","position":1,"name":"Gieffe Patrimoni","item":"https:\/\/www.gieffepatrimoni.com\/it\/"},{"@type":"ListItem","position":2,"name":"Immobili","item":"https:\/\/www.gieffepatrimoni.com\/it\/immobile\/"},{"@type":"ListItem","position":3,"name":"Residenziali","item":"https:\/\/www.gieffepatrimoni.com\/it\/immobili\/residenziali\/"},{"@type":"ListItem","position":4,"name":"Vigna Calcina: Residenza &#8221; La Salette &#8221;"}]},{"@type":"WebSite","@id":"https:\/\/www.gieffepatrimoni.com\/it\/#website","url":"https:\/\/www.gieffepatrimoni.com\/it\/","name":"Gieffe Patrimoni","description":"","publisher":{"@id":"https:\/\/www.gieffepatrimoni.com\/it\/#organization"},"potentialAction":[{"@type":"SearchAction","target":{"@type":"EntryPoint","urlTemplate":"https:\/\/www.gieffepatrimoni.com\/it\/?s={search_term_string}"},"query-input":{"@type":"PropertyValueSpecification","valueRequired":true,"valueName":"search_term_string"}}],"inLanguage":"it-IT"},{"@type":"Organization","@id":"https:\/\/www.gieffepatrimoni.com\/it\/#organization","name":"Gieffe Patrimoni","url":"https:\/\/www.gieffepatrimoni.com\/it\/","logo":{"@type":"ImageObject","inLanguage":"it-IT","@id":"https:\/\/www.gieffepatrimoni.com\/it\/#\/schema\/logo\/image\/","url":"https:\/\/www.gieffepatrimoni.com\/wp-content\/uploads\/2024\/04\/logo-1.svg","contentUrl":"https:\/\/www.gieffepatrimoni.com\/wp-content\/uploads\/2024\/04\/logo-1.svg","width":344,"height":78,"caption":"Gieffe Patrimoni"},"image":{"@id":"https:\/\/www.gieffepatrimoni.com\/it\/#\/schema\/logo\/image\/"}}]}},"_links":{"self":[{"href":"https:\/\/www.gieffepatrimoni.com\/it\/wp-json\/wp\/v2\/immobile\/133763","targetHints":{"allow":["GET"]}}],"collection":[{"href":"https:\/\/www.gieffepatrimoni.com\/it\/wp-json\/wp\/v2\/immobile"}],"about":[{"href":"https:\/\/www.gieffepatrimoni.com\/it\/wp-json\/wp\/v2\/types\/immobile"}],"version-history":[{"count":2,"href":"https:\/\/www.gieffepatrimoni.com\/it\/wp-json\/wp\/v2\/immobile\/133763\/revisions"}],"predecessor-version":[{"id":133865,"href":"https:\/\/www.gieffepatrimoni.com\/it\/wp-json\/wp\/v2\/immobile\/133763\/revisions\/133865"}],"wp:attachment":[{"href":"https:\/\/www.gieffepatrimoni.com\/it\/wp-json\/wp\/v2\/media?parent=133763"}],"wp:term":[{"taxonomy":"categoria_immobile","embeddable":true,"href":"https:\/\/www.gieffepatrimoni.com\/it\/wp-json\/wp\/v2\/categoria_immobile?post=133763"},{"taxonomy":"tipologia_offerta","embeddable":true,"href":"https:\/\/www.gieffepatrimoni.com\/it\/wp-json\/wp\/v2\/tipologia_offerta?post=133763"},{"taxonomy":"tipologia_immobile","embeddable":true,"href":"https:\/\/www.gieffepatrimoni.com\/it\/wp-json\/wp\/v2\/tipologia_immobile?post=133763"}],"curies":[{"name":"wp","href":"https:\/\/api.w.org\/{rel}","templated":true}]}}

<p>Sin dal suo primo documento risalente al 1698, questa proprietà ha attraversato i secoli, accogliendo una serie di personaggi illustri che hanno lasciato un’impronta indelebile nella città di Torino. Nata sul finire del XVII secolo, per ospitare i musici e i cantori del Teatro Regio di Torino, fu chiamata per questo motivo Vigna Calcina e divenne la dimora di diversi personaggi storici, come lo scrittore Arturo Graf, la famiglia Cirio, ed infine i fratelli belgi Waser che diedero sfogo alla loro fantasia ed ingegno all’interno nella tenuta, dopo aver progettato la funicolare di Superga e le prime linee tranviarie di Torino. Dal 1932 fino al 1979 vennero ad abitare i padri Missionari della Salette, che le diedero il nome: Residenza &#8221;La Salette&#8221; La magnifica residenza si estende su un parco di circa sei ettari, dove si possono ammirare viali in pietra che si snodano tra alberi secolari, frutteti, vigneti e boschi: all’interno del vasto terreno si erge l’imponente casa padronale in stile barocchetto piemontese, impreziosita da cornici elaborate e rosoni romantici che riflettono la maestria architettonica del periodo. In adiacenza è presente la magnifica cappella, completamente restaurata nel 2000 dal famoso pittore Bruno Molinaro. Nel medesimo parco, sono inserite le dieci villette costruite nel 1960 grazie alle loro peculiarità legano in maniera affascinante con il paesaggio circostante. Uno degli interventi meglio riusciti dell’ingegnere Waser, fu sicuramente quello di realizzare una splendida torre in mattoni nella collina più alta della proprietà: la posizione gode di una panoramicità unica sulla città di Torino e sulla catena montuosa delle Alpi, dal Monviso al Monterosa, con una vista a 360° anche sulle colline che fanno corona a Torino, beneficiando del capolavoro di Juvarra, la Basilica di Superga distante appena 1 km in linea d’aria. La residenza Salette rappresenta una combinazione affascinante di storia, bellezza architettonica e paesaggi mozzafiato che la rendono uno degli asset più suggestivi della regione, offrendo molteplici finalità di utilizzo, che variano dal godimento personale di un ambiente incantevole, all’utilizzo a scopo ricettivo degli immobili, fino alla possibilità di frazionamento per la creazione di diverse unità abitative. Per informazioni: GIEFFE PATRIMONI Real Estate Advisor, Torino – Londra – Alba – Milano – Roma. (+39) 011 / 76.000.11</p>

<p>Sin dal suo primo documento risalente al 1698, questa proprietà ha attraversato i secoli, accogliendo una serie di personaggi illustri che hanno lasciato un’impronta indelebile nella città di Torino. Nata sul finire del XVII secolo, per ospitare i musici e i cantori del Teatro Regio di Torino, fu chiamata per questo motivo Vigna Calcina e [&hellip;]</p>

<!-- This site is optimized with the Yoast SEO plugin v23.7 - https://yoast.com/wordpress/plugins/seo/ -->
<title>Vigna Calcina: Residenza &#039;&#039; La Salette &#039;&#039; - Gieffe Patrimoni</title>
<meta name="robots" content="index, follow, max-snippet:-1, max-image-preview:large, max-video-preview:-1" />
<link rel="canonical" href="https://www.gieffepatrimoni.com/it/immobile/vigna-calcina-residenza-la-salette-2/" />
<meta property="og:locale" content="it_IT" />
<meta property="og:type" content="article" />
<meta property="og:title" content="Vigna Calcina: Residenza &#039;&#039; La Salette &#039;&#039; - Gieffe Patrimoni" />
<meta property="og:description" content="Sin dal suo primo documento risalente al 1698, questa proprietà ha attraversato i secoli, accogliendo una serie di personaggi illustri che hanno lasciato un’impronta indelebile nella città di Torino. Nata sul finire del XVII secolo, per ospitare i musici e i cantori del Teatro Regio di Torino, fu chiamata per questo motivo Vigna Calcina e [&hellip;]" />
<meta property="og:url" content="https://www.gieffepatrimoni.com/it/immobile/vigna-calcina-residenza-la-salette-2/" />
<meta property="og:site_name" content="Gieffe Patrimoni" />
<meta property="article:modified_time" content="2026-04-29T05:06:03+00:00" />
<meta name="twitter:card" content="summary_large_image" />
<meta name="twitter:label1" content="Tempo di lettura stimato" />
	<meta name="twitter:data1" content="2 minuti" />
<script type="application/ld+json" class="yoast-schema-graph">{"@context":"https://schema.org","@graph":[{"@type":"WebPage","@id":"https://www.gieffepatrimoni.com/it/immobile/vigna-calcina-residenza-la-salette-2/","url":"https://www.gieffepatrimoni.com/it/immobile/vigna-calcina-residenza-la-salette-2/","name":"Vigna Calcina: Residenza '' La Salette '' - Gieffe Patrimoni","isPartOf":{"@id":"https://www.gieffepatrimoni.com/it/#website"},"datePublished":"2025-05-20T13:33:22+00:00","dateModified":"2026-04-29T05:06:03+00:00","breadcrumb":{"@id":"https://www.gieffepatrimoni.com/it/immobile/vigna-calcina-residenza-la-salette-2/#breadcrumb"},"inLanguage":"it-IT","potentialAction":[{"@type":"ReadAction","target":["https://www.gieffepatrimoni.com/it/immobile/vigna-calcina-residenza-la-salette-2/"]}]},{"@type":"BreadcrumbList","@id":"https://www.gieffepatrimoni.com/it/immobile/vigna-calcina-residenza-la-salette-2/#breadcrumb","itemListElement":[{"@type":"ListItem","position":1,"name":"Gieffe Patrimoni","item":"https://www.gieffepatrimoni.com/it/"},{"@type":"ListItem","position":2,"name":"Immobili","item":"https://www.gieffepatrimoni.com/it/immobile/"},{"@type":"ListItem","position":3,"name":"Residenziali","item":"https://www.gieffepatrimoni.com/it/immobili/residenziali/"},{"@type":"ListItem","position":4,"name":"Vigna Calcina: Residenza &#8221; La Salette &#8221;"}]},{"@type":"WebSite","@id":"https://www.gieffepatrimoni.com/it/#website","url":"https://www.gieffepatrimoni.com/it/","name":"Gieffe Patrimoni","description":"","publisher":{"@id":"https://www.gieffepatrimoni.com/it/#organization"},"potentialAction":[{"@type":"SearchAction","target":{"@type":"EntryPoint","urlTemplate":"https://www.gieffepatrimoni.com/it/?s={search_term_string}"},"query-input":{"@type":"PropertyValueSpecification","valueRequired":true,"valueName":"search_term_string"}}],"inLanguage":"it-IT"},{"@type":"Organization","@id":"https://www.gieffepatrimoni.com/it/#organization","name":"Gieffe Patrimoni","url":"https://www.gieffepatrimoni.com/it/","logo":{"@type":"ImageObject","inLanguage":"it-IT","@id":"https://www.gieffepatrimoni.com/it/#/schema/logo/image/","url":"https://www.gieffepatrimoni.com/wp-content/uploads/2024/04/logo-1.svg","contentUrl":"https://www.gieffepatrimoni.com/wp-content/uploads/2024/04/logo-1.svg","width":344,"height":78,"caption":"Gieffe Patrimoni"},"image":{"@id":"https://www.gieffepatrimoni.com/it/#/schema/logo/image/"}}]}</script>
<!-- / Yoast SEO plugin. -->

Sin dal suo primo documento risalente al 1698, questa proprietà ha attraversato i secoli, accogliendo una serie di personaggi illustri che hanno lasciato un’impronta indelebile nella città di Torino. Nata sul finire del XVII secolo, per ospitare i musici e i cantori del Teatro Regio di Torino, fu chiamata per questo motivo Vigna Calcina e [&hellip;]
