{"id":133714,"date":"2025-05-16T00:31:01","date_gmt":"2025-05-15T22:31:01","guid":{"rendered":"https:\/\/www.gieffepatrimoni.com\/immobile\/la-villa-rosa-de-la-mandria-ristrutturata-a-nuovo\/"},"modified":"2026-04-29T07:03:00","modified_gmt":"2026-04-29T05:03:00","slug":"la-villa-rosa-de-la-mandria-ristrutturata-a-nuovo","status":"publish","type":"immobile","link":"https:\/\/www.gieffepatrimoni.com\/it\/immobile\/la-villa-rosa-de-la-mandria-ristrutturata-a-nuovo\/","title":{"rendered":"La &#8220;Villa Rosa&#8221; de La Mandria. Ristrutturata a nuovo."},"content":{"rendered":"<p>La &#8220;Villa Rosa&#8221; della Mandria. Ristrutturata a nuovo. Fiano si trova ai piedi delle prime alture della catena alpina, a nord-est di Torino. Il territorio comunale, che culmina nel Monte Corno, \u00e8 suddiviso in modo piuttosto netto in tre zone. Fiano ospita il Parco Naturale La Mandria. Il Parco Naturale La Mandria \u00e8 un&#8217;area naturale protetta situata tra il torrente Stura di Lanzo. Istituito nel 1978 dalla Regione Piemonte, \u00e8 il primo parco regionale italiano. Caratterizzata dalla grande cinta muraria costruita a met\u00e0 dell&#8217;Ottocento da Re Vittorio Emanuele II, La Mandria \u00e8 il pi\u00f9 grande parco recintato d&#8217;Europa. L&#8217;area cintata si estende su una superficie di 3.000 ettari. La cinta muraria, lunga circa 30 chilometri, aveva lo scopo di proteggere la zona reale del castello della Mandria. Infatti, serviva a proteggere uno dei rari lembi superstiti della foresta che un tempo ricopriva l&#8217;intera Pianura Padana. Nella magnifica cornice del parco della Mandria \u00e8 presente il Consorzio Lago Risera, all&#8217;interno dei prestigiosi campi da golf Royal Park e Club Torino Golf, la &#8220;Villa Rosa&#8221; \u00e8 il frutto di una completa e accurata ristrutturazione, appena ultimata, che ha interessato tutti gli aspetti della casa, dalla distribuzione degli spazi agli impianti interni ed esterni, fino alle opere architettoniche (isolamento termico e impianto fotovoltaico). Situata in Rotta Magnabergera al nr. 4, sorge in un&#8217;area verde e arborea privata di 1500 m\u00b2, completamente pianeggiante. La villa si sviluppa su 330 m\u00b2 ed \u00e8 libera su tre lati. Al piano inferiore: ingresso, doppio soggiorno con zona relax e salotto, cucina abitabile, cucina a vista, servizio e cabina armadio. Una scala interna con gradini in legno di noce conduce alla zona notte del primo piano, che ospita tre camere da letto, due servizi e corridoio. Una splendida terrazza permette di contemplare il verde del giardino. Al piano interrato ( ingresso diretto da un garage coperto con tre posti auto) ingresso, cantina\/dispensa, tre stanze utilizzabili come palestra o cinema\/sala giochi, un locale sgombero, una lavanderia e un servizio. Ampie superfici vetrate su tutti i piani della villa. Le porte finestre con movimento Schuco permettono al piano inferiore di godere dell&#8217;ampio terrazzo situato di fronte alla casa e del pergolato (autorizzato) o vepa bio-climatica che pu\u00f2 essere posizionata di fronte all&#8217;ingresso. Nuovi sono gli impianti idrici ed elettrici. Impianto fotovoltaico da 13 kWh con accumulo da 16 kWh. Riscaldamento autonomo a metano con pomba di calore e pavimento radiante, con termostati di controllo indipendenti per piano. Impianto VMC. Tapparelle elettriche. Varie aree parcheggio scoperte. Immobile ubicato nel contesto del consorzio La Mandria, altissimo standing, con portineria e servizio di vigilanza 24 ore su 24, 7 giorni su 7, per un costo di 5.000 euro all&#8217;anno. Massima privacy e sicurezza. Categoria catastale A7 con rendita catastale di circa 1300 euro. Classe energetica A3. Immobile libero e mai abitato dalla fine della ristrutturazione. Per informazioni: GIEFFE PATRIMONI Consulente Immobiliare, Torino \u2013 Londra \u2013 Alba \u2013 Milano \u2013 Roma \u2013 Monza. (+39) 011 \/ 76.000.11<\/p>\n","protected":false},"excerpt":{"rendered":"<p>La &#8220;Villa Rosa&#8221; della Mandria. Ristrutturata a nuovo. Fiano si trova ai piedi delle prime alture della catena alpina, a nord-est di Torino. Il territorio comunale, che culmina nel Monte Corno, \u00e8 suddiviso in modo piuttosto netto in tre zone. Fiano ospita il Parco Naturale La Mandria. Il Parco Naturale La Mandria \u00e8 un&#8217;area naturale [&hellip;]<\/p>\n","protected":false},"featured_media":0,"parent":0,"template":"","meta":{"_acf_changed":false,"inline_featured_image":false},"categoria_immobile":[85],"tipologia_offerta":[94],"tipologia_immobile":[58],"class_list":["post-133714","immobile","type-immobile","status-publish","hentry","categoria_immobile-residenziali","tipologia_offerta-vendita","tipologia_immobile-villa"],"acf":[],"yoast_head":"<!-- This site is optimized with the Yoast SEO plugin v23.7 - https:\/\/yoast.com\/wordpress\/plugins\/seo\/ -->\n<title>La &quot;Villa Rosa&quot; de La Mandria. Ristrutturata a nuovo. - Gieffe Patrimoni<\/title>\n<meta name=\"robots\" content=\"index, follow, max-snippet:-1, max-image-preview:large, max-video-preview:-1\" \/>\n<link rel=\"canonical\" href=\"https:\/\/www.gieffepatrimoni.com\/it\/immobile\/la-villa-rosa-de-la-mandria-ristrutturata-a-nuovo\/\" \/>\n<meta property=\"og:locale\" content=\"it_IT\" \/>\n<meta property=\"og:type\" content=\"article\" \/>\n<meta property=\"og:title\" content=\"La &quot;Villa Rosa&quot; de La Mandria. Ristrutturata a nuovo. - Gieffe Patrimoni\" \/>\n<meta property=\"og:description\" content=\"La &#8220;Villa Rosa&#8221; della Mandria. Ristrutturata a nuovo. Fiano si trova ai piedi delle prime alture della catena alpina, a nord-est di Torino. Il territorio comunale, che culmina nel Monte Corno, \u00e8 suddiviso in modo piuttosto netto in tre zone. Fiano ospita il Parco Naturale La Mandria. Il Parco Naturale La Mandria \u00e8 un&#8217;area naturale [&hellip;]\" \/>\n<meta property=\"og:url\" content=\"https:\/\/www.gieffepatrimoni.com\/it\/immobile\/la-villa-rosa-de-la-mandria-ristrutturata-a-nuovo\/\" \/>\n<meta property=\"og:site_name\" content=\"Gieffe Patrimoni\" \/>\n<meta property=\"article:modified_time\" content=\"2026-04-29T05:03:00+00:00\" \/>\n<meta name=\"twitter:card\" content=\"summary_large_image\" \/>\n<meta name=\"twitter:label1\" content=\"Tempo di lettura stimato\" \/>\n\t<meta name=\"twitter:data1\" content=\"2 minuti\" \/>\n<script type=\"application\/ld+json\" class=\"yoast-schema-graph\">{\"@context\":\"https:\/\/schema.org\",\"@graph\":[{\"@type\":\"WebPage\",\"@id\":\"https:\/\/www.gieffepatrimoni.com\/it\/immobile\/la-villa-rosa-de-la-mandria-ristrutturata-a-nuovo\/\",\"url\":\"https:\/\/www.gieffepatrimoni.com\/it\/immobile\/la-villa-rosa-de-la-mandria-ristrutturata-a-nuovo\/\",\"name\":\"La \\\"Villa Rosa\\\" de La Mandria. Ristrutturata a nuovo. - Gieffe Patrimoni\",\"isPartOf\":{\"@id\":\"https:\/\/www.gieffepatrimoni.com\/it\/#website\"},\"datePublished\":\"2025-05-15T22:31:01+00:00\",\"dateModified\":\"2026-04-29T05:03:00+00:00\",\"breadcrumb\":{\"@id\":\"https:\/\/www.gieffepatrimoni.com\/it\/immobile\/la-villa-rosa-de-la-mandria-ristrutturata-a-nuovo\/#breadcrumb\"},\"inLanguage\":\"it-IT\",\"potentialAction\":[{\"@type\":\"ReadAction\",\"target\":[\"https:\/\/www.gieffepatrimoni.com\/it\/immobile\/la-villa-rosa-de-la-mandria-ristrutturata-a-nuovo\/\"]}]},{\"@type\":\"BreadcrumbList\",\"@id\":\"https:\/\/www.gieffepatrimoni.com\/it\/immobile\/la-villa-rosa-de-la-mandria-ristrutturata-a-nuovo\/#breadcrumb\",\"itemListElement\":[{\"@type\":\"ListItem\",\"position\":1,\"name\":\"Gieffe Patrimoni\",\"item\":\"https:\/\/www.gieffepatrimoni.com\/it\/\"},{\"@type\":\"ListItem\",\"position\":2,\"name\":\"Immobili\",\"item\":\"https:\/\/www.gieffepatrimoni.com\/it\/immobile\/\"},{\"@type\":\"ListItem\",\"position\":3,\"name\":\"Residenziali\",\"item\":\"https:\/\/www.gieffepatrimoni.com\/it\/immobili\/residenziali\/\"},{\"@type\":\"ListItem\",\"position\":4,\"name\":\"La &#8220;Villa Rosa&#8221; de La Mandria. Ristrutturata a nuovo.\"}]},{\"@type\":\"WebSite\",\"@id\":\"https:\/\/www.gieffepatrimoni.com\/it\/#website\",\"url\":\"https:\/\/www.gieffepatrimoni.com\/it\/\",\"name\":\"Gieffe Patrimoni\",\"description\":\"\",\"publisher\":{\"@id\":\"https:\/\/www.gieffepatrimoni.com\/it\/#organization\"},\"potentialAction\":[{\"@type\":\"SearchAction\",\"target\":{\"@type\":\"EntryPoint\",\"urlTemplate\":\"https:\/\/www.gieffepatrimoni.com\/it\/?s={search_term_string}\"},\"query-input\":{\"@type\":\"PropertyValueSpecification\",\"valueRequired\":true,\"valueName\":\"search_term_string\"}}],\"inLanguage\":\"it-IT\"},{\"@type\":\"Organization\",\"@id\":\"https:\/\/www.gieffepatrimoni.com\/it\/#organization\",\"name\":\"Gieffe Patrimoni\",\"url\":\"https:\/\/www.gieffepatrimoni.com\/it\/\",\"logo\":{\"@type\":\"ImageObject\",\"inLanguage\":\"it-IT\",\"@id\":\"https:\/\/www.gieffepatrimoni.com\/it\/#\/schema\/logo\/image\/\",\"url\":\"https:\/\/www.gieffepatrimoni.com\/wp-content\/uploads\/2024\/04\/logo-1.svg\",\"contentUrl\":\"https:\/\/www.gieffepatrimoni.com\/wp-content\/uploads\/2024\/04\/logo-1.svg\",\"width\":344,\"height\":78,\"caption\":\"Gieffe Patrimoni\"},\"image\":{\"@id\":\"https:\/\/www.gieffepatrimoni.com\/it\/#\/schema\/logo\/image\/\"}}]}<\/script>\n<!-- \/ Yoast SEO plugin. -->","yoast_head_json":{"title":"La \"Villa Rosa\" de La Mandria. Ristrutturata a nuovo. - Gieffe Patrimoni","robots":{"index":"index","follow":"follow","max-snippet":"max-snippet:-1","max-image-preview":"max-image-preview:large","max-video-preview":"max-video-preview:-1"},"canonical":"https:\/\/www.gieffepatrimoni.com\/it\/immobile\/la-villa-rosa-de-la-mandria-ristrutturata-a-nuovo\/","og_locale":"it_IT","og_type":"article","og_title":"La \"Villa Rosa\" de La Mandria. Ristrutturata a nuovo. - Gieffe Patrimoni","og_description":"La &#8220;Villa Rosa&#8221; della Mandria. Ristrutturata a nuovo. Fiano si trova ai piedi delle prime alture della catena alpina, a nord-est di Torino. Il territorio comunale, che culmina nel Monte Corno, \u00e8 suddiviso in modo piuttosto netto in tre zone. Fiano ospita il Parco Naturale La Mandria. Il Parco Naturale La Mandria \u00e8 un&#8217;area naturale [&hellip;]","og_url":"https:\/\/www.gieffepatrimoni.com\/it\/immobile\/la-villa-rosa-de-la-mandria-ristrutturata-a-nuovo\/","og_site_name":"Gieffe Patrimoni","article_modified_time":"2026-04-29T05:03:00+00:00","twitter_card":"summary_large_image","twitter_misc":{"Tempo di lettura stimato":"2 minuti"},"schema":{"@context":"https:\/\/schema.org","@graph":[{"@type":"WebPage","@id":"https:\/\/www.gieffepatrimoni.com\/it\/immobile\/la-villa-rosa-de-la-mandria-ristrutturata-a-nuovo\/","url":"https:\/\/www.gieffepatrimoni.com\/it\/immobile\/la-villa-rosa-de-la-mandria-ristrutturata-a-nuovo\/","name":"La \"Villa Rosa\" de La Mandria. Ristrutturata a nuovo. - Gieffe Patrimoni","isPartOf":{"@id":"https:\/\/www.gieffepatrimoni.com\/it\/#website"},"datePublished":"2025-05-15T22:31:01+00:00","dateModified":"2026-04-29T05:03:00+00:00","breadcrumb":{"@id":"https:\/\/www.gieffepatrimoni.com\/it\/immobile\/la-villa-rosa-de-la-mandria-ristrutturata-a-nuovo\/#breadcrumb"},"inLanguage":"it-IT","potentialAction":[{"@type":"ReadAction","target":["https:\/\/www.gieffepatrimoni.com\/it\/immobile\/la-villa-rosa-de-la-mandria-ristrutturata-a-nuovo\/"]}]},{"@type":"BreadcrumbList","@id":"https:\/\/www.gieffepatrimoni.com\/it\/immobile\/la-villa-rosa-de-la-mandria-ristrutturata-a-nuovo\/#breadcrumb","itemListElement":[{"@type":"ListItem","position":1,"name":"Gieffe Patrimoni","item":"https:\/\/www.gieffepatrimoni.com\/it\/"},{"@type":"ListItem","position":2,"name":"Immobili","item":"https:\/\/www.gieffepatrimoni.com\/it\/immobile\/"},{"@type":"ListItem","position":3,"name":"Residenziali","item":"https:\/\/www.gieffepatrimoni.com\/it\/immobili\/residenziali\/"},{"@type":"ListItem","position":4,"name":"La &#8220;Villa Rosa&#8221; de La Mandria. Ristrutturata a nuovo."}]},{"@type":"WebSite","@id":"https:\/\/www.gieffepatrimoni.com\/it\/#website","url":"https:\/\/www.gieffepatrimoni.com\/it\/","name":"Gieffe Patrimoni","description":"","publisher":{"@id":"https:\/\/www.gieffepatrimoni.com\/it\/#organization"},"potentialAction":[{"@type":"SearchAction","target":{"@type":"EntryPoint","urlTemplate":"https:\/\/www.gieffepatrimoni.com\/it\/?s={search_term_string}"},"query-input":{"@type":"PropertyValueSpecification","valueRequired":true,"valueName":"search_term_string"}}],"inLanguage":"it-IT"},{"@type":"Organization","@id":"https:\/\/www.gieffepatrimoni.com\/it\/#organization","name":"Gieffe Patrimoni","url":"https:\/\/www.gieffepatrimoni.com\/it\/","logo":{"@type":"ImageObject","inLanguage":"it-IT","@id":"https:\/\/www.gieffepatrimoni.com\/it\/#\/schema\/logo\/image\/","url":"https:\/\/www.gieffepatrimoni.com\/wp-content\/uploads\/2024\/04\/logo-1.svg","contentUrl":"https:\/\/www.gieffepatrimoni.com\/wp-content\/uploads\/2024\/04\/logo-1.svg","width":344,"height":78,"caption":"Gieffe Patrimoni"},"image":{"@id":"https:\/\/www.gieffepatrimoni.com\/it\/#\/schema\/logo\/image\/"}}]}},"_links":{"self":[{"href":"https:\/\/www.gieffepatrimoni.com\/it\/wp-json\/wp\/v2\/immobile\/133714","targetHints":{"allow":["GET"]}}],"collection":[{"href":"https:\/\/www.gieffepatrimoni.com\/it\/wp-json\/wp\/v2\/immobile"}],"about":[{"href":"https:\/\/www.gieffepatrimoni.com\/it\/wp-json\/wp\/v2\/types\/immobile"}],"version-history":[{"count":2,"href":"https:\/\/www.gieffepatrimoni.com\/it\/wp-json\/wp\/v2\/immobile\/133714\/revisions"}],"predecessor-version":[{"id":133899,"href":"https:\/\/www.gieffepatrimoni.com\/it\/wp-json\/wp\/v2\/immobile\/133714\/revisions\/133899"}],"wp:attachment":[{"href":"https:\/\/www.gieffepatrimoni.com\/it\/wp-json\/wp\/v2\/media?parent=133714"}],"wp:term":[{"taxonomy":"categoria_immobile","embeddable":true,"href":"https:\/\/www.gieffepatrimoni.com\/it\/wp-json\/wp\/v2\/categoria_immobile?post=133714"},{"taxonomy":"tipologia_offerta","embeddable":true,"href":"https:\/\/www.gieffepatrimoni.com\/it\/wp-json\/wp\/v2\/tipologia_offerta?post=133714"},{"taxonomy":"tipologia_immobile","embeddable":true,"href":"https:\/\/www.gieffepatrimoni.com\/it\/wp-json\/wp\/v2\/tipologia_immobile?post=133714"}],"curies":[{"name":"wp","href":"https:\/\/api.w.org\/{rel}","templated":true}]}}

<p>La &#8220;Villa Rosa&#8221; della Mandria. Ristrutturata a nuovo. Fiano si trova ai piedi delle prime alture della catena alpina, a nord-est di Torino. Il territorio comunale, che culmina nel Monte Corno, è suddiviso in modo piuttosto netto in tre zone. Fiano ospita il Parco Naturale La Mandria. Il Parco Naturale La Mandria è un&#8217;area naturale protetta situata tra il torrente Stura di Lanzo. Istituito nel 1978 dalla Regione Piemonte, è il primo parco regionale italiano. Caratterizzata dalla grande cinta muraria costruita a metà dell&#8217;Ottocento da Re Vittorio Emanuele II, La Mandria è il più grande parco recintato d&#8217;Europa. L&#8217;area cintata si estende su una superficie di 3.000 ettari. La cinta muraria, lunga circa 30 chilometri, aveva lo scopo di proteggere la zona reale del castello della Mandria. Infatti, serviva a proteggere uno dei rari lembi superstiti della foresta che un tempo ricopriva l&#8217;intera Pianura Padana. Nella magnifica cornice del parco della Mandria è presente il Consorzio Lago Risera, all&#8217;interno dei prestigiosi campi da golf Royal Park e Club Torino Golf, la &#8220;Villa Rosa&#8221; è il frutto di una completa e accurata ristrutturazione, appena ultimata, che ha interessato tutti gli aspetti della casa, dalla distribuzione degli spazi agli impianti interni ed esterni, fino alle opere architettoniche (isolamento termico e impianto fotovoltaico). Situata in Rotta Magnabergera al nr. 4, sorge in un&#8217;area verde e arborea privata di 1500 m², completamente pianeggiante. La villa si sviluppa su 330 m² ed è libera su tre lati. Al piano inferiore: ingresso, doppio soggiorno con zona relax e salotto, cucina abitabile, cucina a vista, servizio e cabina armadio. Una scala interna con gradini in legno di noce conduce alla zona notte del primo piano, che ospita tre camere da letto, due servizi e corridoio. Una splendida terrazza permette di contemplare il verde del giardino. Al piano interrato ( ingresso diretto da un garage coperto con tre posti auto) ingresso, cantina/dispensa, tre stanze utilizzabili come palestra o cinema/sala giochi, un locale sgombero, una lavanderia e un servizio. Ampie superfici vetrate su tutti i piani della villa. Le porte finestre con movimento Schuco permettono al piano inferiore di godere dell&#8217;ampio terrazzo situato di fronte alla casa e del pergolato (autorizzato) o vepa bio-climatica che può essere posizionata di fronte all&#8217;ingresso. Nuovi sono gli impianti idrici ed elettrici. Impianto fotovoltaico da 13 kWh con accumulo da 16 kWh. Riscaldamento autonomo a metano con pomba di calore e pavimento radiante, con termostati di controllo indipendenti per piano. Impianto VMC. Tapparelle elettriche. Varie aree parcheggio scoperte. Immobile ubicato nel contesto del consorzio La Mandria, altissimo standing, con portineria e servizio di vigilanza 24 ore su 24, 7 giorni su 7, per un costo di 5.000 euro all&#8217;anno. Massima privacy e sicurezza. Categoria catastale A7 con rendita catastale di circa 1300 euro. Classe energetica A3. Immobile libero e mai abitato dalla fine della ristrutturazione. Per informazioni: GIEFFE PATRIMONI Consulente Immobiliare, Torino – Londra – Alba – Milano – Roma – Monza. (+39) 011 / 76.000.11</p>

<p>La &#8220;Villa Rosa&#8221; della Mandria. Ristrutturata a nuovo. Fiano si trova ai piedi delle prime alture della catena alpina, a nord-est di Torino. Il territorio comunale, che culmina nel Monte Corno, è suddiviso in modo piuttosto netto in tre zone. Fiano ospita il Parco Naturale La Mandria. Il Parco Naturale La Mandria è un&#8217;area naturale [&hellip;]</p>

<!-- This site is optimized with the Yoast SEO plugin v23.7 - https://yoast.com/wordpress/plugins/seo/ -->
<title>La &quot;Villa Rosa&quot; de La Mandria. Ristrutturata a nuovo. - Gieffe Patrimoni</title>
<meta name="robots" content="index, follow, max-snippet:-1, max-image-preview:large, max-video-preview:-1" />
<link rel="canonical" href="https://www.gieffepatrimoni.com/it/immobile/la-villa-rosa-de-la-mandria-ristrutturata-a-nuovo/" />
<meta property="og:locale" content="it_IT" />
<meta property="og:type" content="article" />
<meta property="og:title" content="La &quot;Villa Rosa&quot; de La Mandria. Ristrutturata a nuovo. - Gieffe Patrimoni" />
<meta property="og:description" content="La &#8220;Villa Rosa&#8221; della Mandria. Ristrutturata a nuovo. Fiano si trova ai piedi delle prime alture della catena alpina, a nord-est di Torino. Il territorio comunale, che culmina nel Monte Corno, è suddiviso in modo piuttosto netto in tre zone. Fiano ospita il Parco Naturale La Mandria. Il Parco Naturale La Mandria è un&#8217;area naturale [&hellip;]" />
<meta property="og:url" content="https://www.gieffepatrimoni.com/it/immobile/la-villa-rosa-de-la-mandria-ristrutturata-a-nuovo/" />
<meta property="og:site_name" content="Gieffe Patrimoni" />
<meta property="article:modified_time" content="2026-04-29T05:03:00+00:00" />
<meta name="twitter:card" content="summary_large_image" />
<meta name="twitter:label1" content="Tempo di lettura stimato" />
	<meta name="twitter:data1" content="2 minuti" />
<script type="application/ld+json" class="yoast-schema-graph">{"@context":"https://schema.org","@graph":[{"@type":"WebPage","@id":"https://www.gieffepatrimoni.com/it/immobile/la-villa-rosa-de-la-mandria-ristrutturata-a-nuovo/","url":"https://www.gieffepatrimoni.com/it/immobile/la-villa-rosa-de-la-mandria-ristrutturata-a-nuovo/","name":"La \"Villa Rosa\" de La Mandria. Ristrutturata a nuovo. - Gieffe Patrimoni","isPartOf":{"@id":"https://www.gieffepatrimoni.com/it/#website"},"datePublished":"2025-05-15T22:31:01+00:00","dateModified":"2026-04-29T05:03:00+00:00","breadcrumb":{"@id":"https://www.gieffepatrimoni.com/it/immobile/la-villa-rosa-de-la-mandria-ristrutturata-a-nuovo/#breadcrumb"},"inLanguage":"it-IT","potentialAction":[{"@type":"ReadAction","target":["https://www.gieffepatrimoni.com/it/immobile/la-villa-rosa-de-la-mandria-ristrutturata-a-nuovo/"]}]},{"@type":"BreadcrumbList","@id":"https://www.gieffepatrimoni.com/it/immobile/la-villa-rosa-de-la-mandria-ristrutturata-a-nuovo/#breadcrumb","itemListElement":[{"@type":"ListItem","position":1,"name":"Gieffe Patrimoni","item":"https://www.gieffepatrimoni.com/it/"},{"@type":"ListItem","position":2,"name":"Immobili","item":"https://www.gieffepatrimoni.com/it/immobile/"},{"@type":"ListItem","position":3,"name":"Residenziali","item":"https://www.gieffepatrimoni.com/it/immobili/residenziali/"},{"@type":"ListItem","position":4,"name":"La &#8220;Villa Rosa&#8221; de La Mandria. Ristrutturata a nuovo."}]},{"@type":"WebSite","@id":"https://www.gieffepatrimoni.com/it/#website","url":"https://www.gieffepatrimoni.com/it/","name":"Gieffe Patrimoni","description":"","publisher":{"@id":"https://www.gieffepatrimoni.com/it/#organization"},"potentialAction":[{"@type":"SearchAction","target":{"@type":"EntryPoint","urlTemplate":"https://www.gieffepatrimoni.com/it/?s={search_term_string}"},"query-input":{"@type":"PropertyValueSpecification","valueRequired":true,"valueName":"search_term_string"}}],"inLanguage":"it-IT"},{"@type":"Organization","@id":"https://www.gieffepatrimoni.com/it/#organization","name":"Gieffe Patrimoni","url":"https://www.gieffepatrimoni.com/it/","logo":{"@type":"ImageObject","inLanguage":"it-IT","@id":"https://www.gieffepatrimoni.com/it/#/schema/logo/image/","url":"https://www.gieffepatrimoni.com/wp-content/uploads/2024/04/logo-1.svg","contentUrl":"https://www.gieffepatrimoni.com/wp-content/uploads/2024/04/logo-1.svg","width":344,"height":78,"caption":"Gieffe Patrimoni"},"image":{"@id":"https://www.gieffepatrimoni.com/it/#/schema/logo/image/"}}]}</script>
<!-- / Yoast SEO plugin. -->

La &#8220;Villa Rosa&#8221; della Mandria. Ristrutturata a nuovo. Fiano si trova ai piedi delle prime alture della catena alpina, a nord-est di Torino. Il territorio comunale, che culmina nel Monte Corno, è suddiviso in modo piuttosto netto in tre zone. Fiano ospita il Parco Naturale La Mandria. Il Parco Naturale La Mandria è un&#8217;area naturale [&hellip;]
